{"id":88,"date":"2024-04-09T17:14:37","date_gmt":"2024-04-09T15:14:37","guid":{"rendered":"http:\/\/maalma.fr\/?page_id=88"},"modified":"2025-08-30T21:34:05","modified_gmt":"2025-08-30T19:34:05","slug":"evenements","status":"publish","type":"page","link":"https:\/\/maalma.fr\/index.php\/evenements\/","title":{"rendered":"\u00c9v\u00e9nements"},"content":{"rendered":"\n<h2 class=\"wp-block-heading has-text-align-center has-primary-color has-text-color has-link-color has-large-font-size wp-elements-c81df9859a8d0f0ac99373dc0c2eb29b\" style=\"font-style:normal;font-weight:700\">\u00c9v\u00e9nements<\/h2>\n\n\n\n<div class=\"wp-block-group has-global-padding is-layout-constrained wp-container-core-group-is-layout-3b196e16 wp-block-group-is-layout-constrained has-background lazyload\" style=\"margin-top:0;margin-bottom:0;padding-top:var(--wp--preset--spacing--x-small);padding-right:var(--wp--preset--spacing--x-small);padding-bottom:var(--wp--preset--spacing--x-small);padding-left:var(--wp--preset--spacing--x-small);background-image:inherit;background-size:cover;\" data-bg-image=\"url(&amp;apos;http:\/\/maalma.fr\/wp-content\/uploads\/2024\/04\/Orientale-BG.jpg&amp;apos;)\">\n<div class=\"wp-block-columns is-layout-flex wp-container-core-columns-is-layout-256be0ea wp-block-columns-is-layout-flex\" style=\"margin-top:0;margin-bottom:0;padding-top:var(--wp--preset--spacing--x-small);padding-right:var(--wp--preset--spacing--x-large);padding-bottom:var(--wp--preset--spacing--x-small);padding-left:var(--wp--preset--spacing--x-large)\">\n<div class=\"wp-block-column is-vertically-aligned-center is-layout-flow wp-block-column-is-layout-flow\">\n<figure class=\"wp-block-image aligncenter size-full is-resized\"><img data-dominant-color=\"483c32\" data-has-transparency=\"false\" decoding=\"async\" width=\"600\" height=\"800\" data-sizes=\"(max-width: 600px) 100vw, 600px\" data-src=\"https:\/\/maalma.fr\/wp-content\/uploads\/2025\/08\/Affiche_Myriam_18Novembre2025-3.jpg\" alt=\"\" class=\"wp-image-3056 not-transparent lazyload\" style=\"--smush-placeholder-width: 600px; --smush-placeholder-aspect-ratio: 600\/800;--dominant-color: #483c32; width:330px;height:auto\" data-srcset=\"https:\/\/maalma.fr\/wp-content\/uploads\/2025\/08\/Affiche_Myriam_18Novembre2025-3.jpg 600w, https:\/\/maalma.fr\/wp-content\/uploads\/2025\/08\/Affiche_Myriam_18Novembre2025-3-225x300.jpg 225w\" src=\"data:image\/svg+xml;base64,PHN2ZyB3aWR0aD0iMSIgaGVpZ2h0PSIxIiB4bWxucz0iaHR0cDovL3d3dy53My5vcmcvMjAwMC9zdmciPjwvc3ZnPg==\" \/><\/figure>\n\n\n\n<p class=\"has-text-align-center has-text-color has-link-color has-large-font-size wp-elements-da7333c46a31cede6c39e4f24492836b\" style=\"color:#00125a\"><strong><a href=\"https:\/\/maalma.fr\/index.php\/evenements\/danse\/\">Danse<\/a><\/strong><\/p>\n<\/div>\n\n\n\n<div class=\"wp-block-column is-vertically-aligned-center is-layout-flow wp-block-column-is-layout-flow\">\n<figure class=\"wp-block-image aligncenter size-full is-resized\"><img data-dominant-color=\"92535b\" data-has-transparency=\"false\" decoding=\"async\" width=\"194\" height=\"418\" data-sizes=\"(max-width: 194px) 100vw, 194px\" data-src=\"https:\/\/maalma.fr\/wp-content\/uploads\/2025\/08\/Conference_01-1.png\" alt=\"\" class=\"wp-image-2983 not-transparent lazyload\" style=\"--smush-placeholder-width: 194px; --smush-placeholder-aspect-ratio: 194\/418;--dominant-color: #92535b; width:191px;height:auto\" data-srcset=\"https:\/\/maalma.fr\/wp-content\/uploads\/2025\/08\/Conference_01-1.png 194w, https:\/\/maalma.fr\/wp-content\/uploads\/2025\/08\/Conference_01-1-139x300.png 139w\" src=\"data:image\/svg+xml;base64,PHN2ZyB3aWR0aD0iMSIgaGVpZ2h0PSIxIiB4bWxucz0iaHR0cDovL3d3dy53My5vcmcvMjAwMC9zdmciPjwvc3ZnPg==\" \/><\/figure>\n\n\n\n<p class=\"has-text-align-center has-text-color has-link-color has-large-font-size wp-elements-1c6c237fe444a727ff18199c500cec26\" style=\"color:#00125a\"><strong><a href=\"https:\/\/maalma.fr\/index.php\/evenements\/conferences\/\">Conf\u00e9rences<\/a><\/strong><\/p>\n<\/div>\n<\/div>\n<\/div>\n\n\n\n<div style=\"height:50px\" aria-hidden=\"true\" class=\"wp-block-spacer\"><\/div>\n","protected":false},"excerpt":{"rendered":"<p>\u00c9v\u00e9nements Danse Conf\u00e9rences<\/p>\n","protected":false},"author":1,"featured_media":0,"parent":0,"menu_order":0,"comment_status":"closed","ping_status":"closed","template":"page-templates\/no-title.php","meta":{"inspiro_hide_title":false,"footnotes":""},"class_list":["post-88","page","type-page","status-publish","hentry"],"yoast_head":"<!-- This site is optimized with the Yoast SEO plugin v27.3 - https:\/\/yoast.com\/product\/yoast-seo-wordpress\/ -->\n<title>\u00c9v\u00e9nements - Maalma<\/title>\n<meta name=\"robots\" content=\"index, follow, max-snippet:-1, max-image-preview:large, max-video-preview:-1\" \/>\n<link rel=\"canonical\" href=\"https:\/\/maalma.fr\/index.php\/evenements\/\" \/>\n<meta property=\"og:locale\" content=\"fr_FR\" \/>\n<meta property=\"og:type\" content=\"article\" \/>\n<meta property=\"og:title\" content=\"\u00c9v\u00e9nements - Maalma\" \/>\n<meta property=\"og:description\" content=\"\u00c9v\u00e9nements Danse Conf\u00e9rences\" \/>\n<meta property=\"og:url\" content=\"https:\/\/maalma.fr\/index.php\/evenements\/\" \/>\n<meta property=\"og:site_name\" content=\"Maalma\" \/>\n<meta property=\"article:modified_time\" content=\"2025-08-30T19:34:05+00:00\" \/>\n<meta property=\"og:image\" content=\"https:\/\/maalma.fr\/wp-content\/uploads\/2025\/08\/Affiche_Myriam_18Novembre2025-3.jpg\" \/>\n\t<meta property=\"og:image:width\" content=\"600\" \/>\n\t<meta property=\"og:image:height\" content=\"800\" \/>\n\t<meta property=\"og:image:type\" content=\"image\/jpeg\" \/>\n<meta name=\"twitter:card\" content=\"summary_large_image\" \/>\n<meta name=\"twitter:label1\" content=\"Dur\u00e9e de lecture estim\u00e9e\" \/>\n\t<meta name=\"twitter:data1\" content=\"1 minute\" \/>\n<script type=\"application\/ld+json\" class=\"yoast-schema-graph\">{\"@context\":\"https:\\\/\\\/schema.org\",\"@graph\":[{\"@type\":\"WebPage\",\"@id\":\"https:\\\/\\\/maalma.fr\\\/index.php\\\/evenements\\\/\",\"url\":\"https:\\\/\\\/maalma.fr\\\/index.php\\\/evenements\\\/\",\"name\":\"\u00c9v\u00e9nements - Maalma\",\"isPartOf\":{\"@id\":\"https:\\\/\\\/maalma.fr\\\/#website\"},\"primaryImageOfPage\":{\"@id\":\"https:\\\/\\\/maalma.fr\\\/index.php\\\/evenements\\\/#primaryimage\"},\"image\":{\"@id\":\"https:\\\/\\\/maalma.fr\\\/index.php\\\/evenements\\\/#primaryimage\"},\"thumbnailUrl\":\"https:\\\/\\\/maalma.fr\\\/wp-content\\\/uploads\\\/2025\\\/08\\\/Affiche_Myriam_18Novembre2025-3.jpg\",\"datePublished\":\"2024-04-09T15:14:37+00:00\",\"dateModified\":\"2025-08-30T19:34:05+00:00\",\"breadcrumb\":{\"@id\":\"https:\\\/\\\/maalma.fr\\\/index.php\\\/evenements\\\/#breadcrumb\"},\"inLanguage\":\"fr-FR\",\"potentialAction\":[{\"@type\":\"ReadAction\",\"target\":[\"https:\\\/\\\/maalma.fr\\\/index.php\\\/evenements\\\/\"]}]},{\"@type\":\"ImageObject\",\"inLanguage\":\"fr-FR\",\"@id\":\"https:\\\/\\\/maalma.fr\\\/index.php\\\/evenements\\\/#primaryimage\",\"url\":\"https:\\\/\\\/maalma.fr\\\/wp-content\\\/uploads\\\/2025\\\/08\\\/Affiche_Myriam_18Novembre2025-3.jpg\",\"contentUrl\":\"https:\\\/\\\/maalma.fr\\\/wp-content\\\/uploads\\\/2025\\\/08\\\/Affiche_Myriam_18Novembre2025-3.jpg\",\"width\":600,\"height\":800},{\"@type\":\"BreadcrumbList\",\"@id\":\"https:\\\/\\\/maalma.fr\\\/index.php\\\/evenements\\\/#breadcrumb\",\"itemListElement\":[{\"@type\":\"ListItem\",\"position\":1,\"name\":\"Accueil\",\"item\":\"https:\\\/\\\/maalma.fr\\\/\"},{\"@type\":\"ListItem\",\"position\":2,\"name\":\"\u00c9v\u00e9nements\"}]},{\"@type\":\"WebSite\",\"@id\":\"https:\\\/\\\/maalma.fr\\\/#website\",\"url\":\"https:\\\/\\\/maalma.fr\\\/\",\"name\":\"Maalma\",\"description\":\"Cours de Danse Orientale \u00e0 Toulon\",\"publisher\":{\"@id\":\"https:\\\/\\\/maalma.fr\\\/#\\\/schema\\\/person\\\/a945d22e927bdda5549b8ce55155fbc1\"},\"potentialAction\":[{\"@type\":\"SearchAction\",\"target\":{\"@type\":\"EntryPoint\",\"urlTemplate\":\"https:\\\/\\\/maalma.fr\\\/?s={search_term_string}\"},\"query-input\":{\"@type\":\"PropertyValueSpecification\",\"valueRequired\":true,\"valueName\":\"search_term_string\"}}],\"inLanguage\":\"fr-FR\"},{\"@type\":[\"Person\",\"Organization\"],\"@id\":\"https:\\\/\\\/maalma.fr\\\/#\\\/schema\\\/person\\\/a945d22e927bdda5549b8ce55155fbc1\",\"name\":\"zenouda\",\"image\":{\"@type\":\"ImageObject\",\"inLanguage\":\"fr-FR\",\"@id\":\"https:\\\/\\\/maalma.fr\\\/wp-content\\\/uploads\\\/2024\\\/05\\\/cropped-unnamed.jpg\",\"url\":\"https:\\\/\\\/maalma.fr\\\/wp-content\\\/uploads\\\/2024\\\/05\\\/cropped-unnamed.jpg\",\"contentUrl\":\"https:\\\/\\\/maalma.fr\\\/wp-content\\\/uploads\\\/2024\\\/05\\\/cropped-unnamed.jpg\",\"width\":512,\"height\":512,\"caption\":\"zenouda\"},\"logo\":{\"@id\":\"https:\\\/\\\/maalma.fr\\\/wp-content\\\/uploads\\\/2024\\\/05\\\/cropped-unnamed.jpg\"},\"sameAs\":[\"http:\\\/\\\/maalma.fr\"]}]}<\/script>\n<!-- \/ Yoast SEO plugin. -->","yoast_head_json":{"title":"\u00c9v\u00e9nements - Maalma","robots":{"index":"index","follow":"follow","max-snippet":"max-snippet:-1","max-image-preview":"max-image-preview:large","max-video-preview":"max-video-preview:-1"},"canonical":"https:\/\/maalma.fr\/index.php\/evenements\/","og_locale":"fr_FR","og_type":"article","og_title":"\u00c9v\u00e9nements - Maalma","og_description":"\u00c9v\u00e9nements Danse Conf\u00e9rences","og_url":"https:\/\/maalma.fr\/index.php\/evenements\/","og_site_name":"Maalma","article_modified_time":"2025-08-30T19:34:05+00:00","og_image":[{"width":600,"height":800,"url":"https:\/\/maalma.fr\/wp-content\/uploads\/2025\/08\/Affiche_Myriam_18Novembre2025-3.jpg","type":"image\/jpeg"}],"twitter_card":"summary_large_image","twitter_misc":{"Dur\u00e9e de lecture estim\u00e9e":"1 minute"},"schema":{"@context":"https:\/\/schema.org","@graph":[{"@type":"WebPage","@id":"https:\/\/maalma.fr\/index.php\/evenements\/","url":"https:\/\/maalma.fr\/index.php\/evenements\/","name":"\u00c9v\u00e9nements - Maalma","isPartOf":{"@id":"https:\/\/maalma.fr\/#website"},"primaryImageOfPage":{"@id":"https:\/\/maalma.fr\/index.php\/evenements\/#primaryimage"},"image":{"@id":"https:\/\/maalma.fr\/index.php\/evenements\/#primaryimage"},"thumbnailUrl":"https:\/\/maalma.fr\/wp-content\/uploads\/2025\/08\/Affiche_Myriam_18Novembre2025-3.jpg","datePublished":"2024-04-09T15:14:37+00:00","dateModified":"2025-08-30T19:34:05+00:00","breadcrumb":{"@id":"https:\/\/maalma.fr\/index.php\/evenements\/#breadcrumb"},"inLanguage":"fr-FR","potentialAction":[{"@type":"ReadAction","target":["https:\/\/maalma.fr\/index.php\/evenements\/"]}]},{"@type":"ImageObject","inLanguage":"fr-FR","@id":"https:\/\/maalma.fr\/index.php\/evenements\/#primaryimage","url":"https:\/\/maalma.fr\/wp-content\/uploads\/2025\/08\/Affiche_Myriam_18Novembre2025-3.jpg","contentUrl":"https:\/\/maalma.fr\/wp-content\/uploads\/2025\/08\/Affiche_Myriam_18Novembre2025-3.jpg","width":600,"height":800},{"@type":"BreadcrumbList","@id":"https:\/\/maalma.fr\/index.php\/evenements\/#breadcrumb","itemListElement":[{"@type":"ListItem","position":1,"name":"Accueil","item":"https:\/\/maalma.fr\/"},{"@type":"ListItem","position":2,"name":"\u00c9v\u00e9nements"}]},{"@type":"WebSite","@id":"https:\/\/maalma.fr\/#website","url":"https:\/\/maalma.fr\/","name":"Maalma","description":"Cours de Danse Orientale \u00e0 Toulon","publisher":{"@id":"https:\/\/maalma.fr\/#\/schema\/person\/a945d22e927bdda5549b8ce55155fbc1"},"potentialAction":[{"@type":"SearchAction","target":{"@type":"EntryPoint","urlTemplate":"https:\/\/maalma.fr\/?s={search_term_string}"},"query-input":{"@type":"PropertyValueSpecification","valueRequired":true,"valueName":"search_term_string"}}],"inLanguage":"fr-FR"},{"@type":["Person","Organization"],"@id":"https:\/\/maalma.fr\/#\/schema\/person\/a945d22e927bdda5549b8ce55155fbc1","name":"zenouda","image":{"@type":"ImageObject","inLanguage":"fr-FR","@id":"https:\/\/maalma.fr\/wp-content\/uploads\/2024\/05\/cropped-unnamed.jpg","url":"https:\/\/maalma.fr\/wp-content\/uploads\/2024\/05\/cropped-unnamed.jpg","contentUrl":"https:\/\/maalma.fr\/wp-content\/uploads\/2024\/05\/cropped-unnamed.jpg","width":512,"height":512,"caption":"zenouda"},"logo":{"@id":"https:\/\/maalma.fr\/wp-content\/uploads\/2024\/05\/cropped-unnamed.jpg"},"sameAs":["http:\/\/maalma.fr"]}]}},"_links":{"self":[{"href":"https:\/\/maalma.fr\/index.php\/wp-json\/wp\/v2\/pages\/88","targetHints":{"allow":["GET"]}}],"collection":[{"href":"https:\/\/maalma.fr\/index.php\/wp-json\/wp\/v2\/pages"}],"about":[{"href":"https:\/\/maalma.fr\/index.php\/wp-json\/wp\/v2\/types\/page"}],"author":[{"embeddable":true,"href":"https:\/\/maalma.fr\/index.php\/wp-json\/wp\/v2\/users\/1"}],"replies":[{"embeddable":true,"href":"https:\/\/maalma.fr\/index.php\/wp-json\/wp\/v2\/comments?post=88"}],"version-history":[{"count":4,"href":"https:\/\/maalma.fr\/index.php\/wp-json\/wp\/v2\/pages\/88\/revisions"}],"predecessor-version":[{"id":3058,"href":"https:\/\/maalma.fr\/index.php\/wp-json\/wp\/v2\/pages\/88\/revisions\/3058"}],"wp:attachment":[{"href":"https:\/\/maalma.fr\/index.php\/wp-json\/wp\/v2\/media?parent=88"}],"curies":[{"name":"wp","href":"https:\/\/api.w.org\/{rel}","templated":true}]}}